{"id":296,"date":"2015-04-04T22:37:16","date_gmt":"2015-04-04T20:37:16","guid":{"rendered":"http:\/\/yogamudra.de\/wordpress\/?page_id=296"},"modified":"2025-07-13T16:26:01","modified_gmt":"2025-07-13T14:26:01","slug":"impressum","status":"publish","type":"page","link":"https:\/\/yogamudra.de\/wordpress\/impressum\/","title":{"rendered":"Impressum\/Disclaimer"},"content":{"rendered":"\t\t<div data-elementor-type=\"wp-page\" data-elementor-id=\"296\" class=\"elementor elementor-296\">\n\t\t\t\t\t\t<section class=\"elementor-section elementor-top-section elementor-element elementor-element-59a3ea4c elementor-section-boxed elementor-section-height-default elementor-section-height-default\" data-id=\"59a3ea4c\" data-element_type=\"section\">\n\t\t\t\t\t\t<div class=\"elementor-container elementor-column-gap-default\">\n\t\t\t\t\t<div class=\"elementor-column elementor-col-100 elementor-top-column elementor-element elementor-element-1f7438e9\" data-id=\"1f7438e9\" data-element_type=\"column\">\n\t\t\t<div class=\"elementor-widget-wrap elementor-element-populated\">\n\t\t\t\t\t\t<div class=\"elementor-element elementor-element-32501b1e elementor-widget elementor-widget-text-editor\" data-id=\"32501b1e\" data-element_type=\"widget\" data-widget_type=\"text-editor.default\">\n\t\t\t\t<div class=\"elementor-widget-container\">\n\t\t\t\t\t\t\t\t\t<p><span style=\"color: #363839; font-size: 10pt;\"><strong><span class=\"xr_tl Normal_text\"><span class=\"Normal_text\">Urheber der Seite und verantwortlich f\u00fcr\u00a0<\/span><\/span><\/strong><\/span><span style=\"color: #363839;\"><strong><span class=\"xr_tl Normal_text\">Inhalt, Design und Programmierung:<\/span><\/strong><\/span><\/p><p><span class=\"xr_tl Normal_text\" style=\"color: #363839;\"><span class=\"Normal_text\">\u00a9<\/span><span class=\"Normal_text\">Daniela Hem (Physiotherapeutin, Heilpraktikerin)<\/span><\/span><\/p><p><span class=\"xr_tl Normal_text\" style=\"color: #363839;\"><span class=\"Normal_text\">Bergstra\u00dfe 3<\/span><\/span><\/p><p><span class=\"xr_tl Normal_text\" style=\"color: #363839;\"><span class=\"Normal_text\">66907 Glan-M\u00fcnchweiler<\/span><\/span><\/p><p><span class=\"xr_tl Normal_text\" style=\"color: #363839;\"><span class=\"Normal_text\">Tel: 0160 &#8211; 2586056<\/span><\/span><\/p><p><span style=\"color: #363839;\">Gesetzliche Berufsbezeichnung: Heilpraktiker (verliehen in der Bundesrepublik Deutschland)<\/span><\/p><p><span style=\"color: #363839;\">Tag der amts\u00e4rztlichen \u00dcberpr\u00fcfung: 06.04.2016 durch das Gesundheitsamt Mainz<\/span><br \/><span style=\"color: #363839;\"> Beh\u00f6rdliche Erlaubnis durch das Gesundheitsamt in Kusel<\/span><\/p><p><span style=\"color: #363839;\">Zust\u00e4ndige Aufsichtsbeh\u00f6rde: Gesundheitsamt Kusel<\/span><\/p><p><span style=\"color: #363839;\">Mitglied im<b>\u00a0<\/b>Bund Deutscher Heilpraktiker (BDH) e.V.: Mitgliedsnummer 107891<\/span><\/p><p><span style=\"color: #363839;\">Berufsordnung: Nachzulesen im Internet unter<\/span> <a href=\"https:\/\/www.bdh-online.de\/heilpraktiker\/praxismanagement\/gesetze\/berufsordnung\/\" target=\"_blank\" rel=\"noopener\">https:\/\/www.bdh-online.de\/heilpraktiker\/praxismanagement\/gesetze\/berufsordnung\/<\/a><\/p><p><span style=\"color: #363839;\">Rechtsgrundlage der Heilpraktikert\u00e4tigkeit, Heilpraktikergesetz und Durchf\u00fchrungsverordnung: Nachzulesen im Internet unter:<\/span>\u00a0<a href=\"http:\/\/www.gesetze-im-internet.de\/heilprg\/index.html\" target=\"_blank\" rel=\"noopener\">http:\/\/www.gesetze-im-internet.de\/heilprg\/index.html<\/a> <span style=\"color: #363839;\">und<\/span> <a href=\"http:\/\/www.gesetze-im-internet.de\/heilprgdv_1\/index.html\" target=\"_blank\" rel=\"noopener\">http:\/\/www.gesetze-im-internet.de\/heilprgdv_1\/index.html<\/a><\/p><p><span style=\"color: #363839;\"><strong>Fotos:<\/strong><\/span><\/p><ul><li><span class=\"xr_tl Normal_text\" style=\"color: #363839;\"><span class=\"Normal_text\">\u00a9<\/span><span class=\"Normal_text\">Daniela Hem<\/span><\/span><\/li><li><span style=\"color: #363839;\">\u00a9nicholashan &#8211; stock.adobe.com<\/span><\/li><li><span class=\"xr_tl Normal_text\" style=\"color: #363839;\"><span class=\"Normal_text\">\u00a9<\/span><span class=\"Normal_text\">PaoloD &#8211; stock.adobe.com<\/span><\/span><\/li><li><span class=\"xr_tl Normal_text\" style=\"color: #363839;\">\u00a9YellowCrest &#8211; stock.adobe.com<\/span><\/li><li><span class=\"xr_tl Normal_text\" style=\"color: #363839;\">\u00a9patrick &#8211; stock.adobe.com<\/span><\/li><li><span class=\"xr_tl Normal_text\" style=\"color: #363839;\">\u00a9alexander sievert &#8211; stock.adobe.com<\/span><\/li><li><span style=\"color: #363839;\">\u00a9Dmytro Titov &#8211; stock.adobe.com<\/span><\/li><li><span style=\"color: #363839;\">\u00a9rohappy &#8211; stock.adobe.com<\/span><\/li><li><span style=\"color: #363839;\">\u00a9Ljupco Smokovski &#8211; stock.adobe.com<\/span><\/li><li><span style=\"color: #363839;\">\u00a9daffodilred &#8211; stock.adobe.com<\/span><\/li><li><span style=\"color: #363839;\">\u00a9DragonImages &#8211; stock.adobe.com<\/span><\/li><li><span style=\"color: #363839;\">\u00a9Kzenon &#8211; stock.adobe.com<\/span><\/li><li><span style=\"color: #363839;\">\u00a9karelnoppe &#8211; stock.adobe.com<\/span><\/li><li><span style=\"color: #363839;\">\u00a9Dan Race &#8211; stock.adobe.com<\/span><\/li><li><span style=\"color: #363839;\">\u00a9gudenkoa &#8211; stock.adobe.com<\/span><\/li><li><span style=\"color: #363839;\">\u00a9ChenPG &#8211; stock.adobe.com<\/span><\/li><li><span style=\"color: #363839;\">\u00a9Syda Productions &#8211; stock.adobe.com<\/span><\/li><li><span style=\"color: #363839;\">\u00a9Africa Studio &#8211; stock.adobe.com<\/span><\/li><li><span style=\"color: #363839;\">\u00a9javiindy &#8211; stock.adobe.com<\/span><\/li><li><span style=\"color: #363839;\">\u00a9Lumina Images &#8211; stock.adobe.com<\/span><\/li><li><span class=\"xr_tl Normal_text\" style=\"color: #363839;\"><span class=\"Normal_text\">www.freecsstemplates.org<\/span><\/span><\/li><\/ul><p><span style=\"color: #363839;\">Diese Seite wurde erstellt mit wordpress, Theme: Stairway.<\/span><\/p><hr \/><p>\u00a0<\/p><p><span style=\"text-decoration: underline; color: #363839;\"><span style=\"font-size: 12pt;\"><strong><span class=\"xr_tl Normal_text\"><span class=\"Normal_text\">Disclaimer &#8211; Rechtliche Hinweise<\/span><\/span><\/strong><\/span><\/span><\/p><p><span class=\"xr_tl Normal_text\" style=\"color: #363839;\"><span class=\"Normal_text\">1. Haftungsbeschr\u00e4nkung<\/span><\/span><\/p><p><span style=\"color: #363839;\"><span class=\"xr_tl Normal_text\">Die Inhalte dieser Website werden mit gr\u00f6\u00dftm\u00f6glicher Sorgfalt erstellt. Der Anbieter \u00fcbernimmt jedoch keine Gew\u00e4hr f\u00fcr die Richtigkeit, Vollst\u00e4ndigkeit und <\/span><span class=\"xr_tl Normal_text\">Aktualit\u00e4t der bereitgestellten Inhalte. Die Nutzung der Inhalte der Website erfolgt auf eigene Gefahr des Nutzers. Namentlich gekennzeichnete Beitr\u00e4ge geben die <\/span><span class=\"xr_tl Normal_text\">Meinung des jeweiligen Autors und nicht immer die Meinung des Anbieters wieder. Mit der reinen Nutzung der Website des Anbieters kommt keinerlei <\/span><span class=\"xr_tl Normal_text\"><span class=\"Normal_text\">Vertragsverh\u00e4ltnis zwischen dem Nutzer und dem Anbieter zustande.<\/span><\/span><\/span><\/p><p><span class=\"xr_tl Normal_text\" style=\"color: #363839;\"><span class=\"Normal_text\">2. Externe Links<\/span><\/span><\/p><p><span style=\"color: #363839;\"><span class=\"xr_tl Normal_text\">Diese Website enth\u00e4lt Verkn\u00fcpfungen zu Websites Dritter (&#8222;externe Links&#8220;). Diese Websites unterliegen der Haftung der jeweiligen Betreiber. Der Anbieter hat bei <\/span><span class=\"xr_tl Normal_text\">der erstmaligen Verkn\u00fcpfung der externen Links die fremden Inhalte daraufhin \u00fcberpr\u00fcft, ob etwaige Rechtsverst\u00f6\u00dfe bestehen. Zu dem Zeitpunkt waren keine <\/span><span class=\"xr_tl Normal_text\">Rechtsverst\u00f6\u00dfe ersichtlich. Der Anbieter hat keinerlei Einfluss auf die aktuelle und zuk\u00fcnftige Gestaltung und auf die Inhalte der verkn\u00fcpften Seiten. Das Setzen von <\/span><span class=\"xr_tl Normal_text\">externen Links bedeutet nicht, dass sich der Anbieter die hinter dem Verweis oder Link liegenden Inhalte zu Eigen macht. Eine st\u00e4ndige Kontrolle der externen Links <\/span><span class=\"xr_tl Normal_text\">ist f\u00fcr den Anbieter ohne konkrete Hinweise auf Rechtsverst\u00f6\u00dfe nicht zumutbar. Bei Kenntnis von Rechtsverst\u00f6\u00dfen werden jedoch derartige externe Links <\/span><span class=\"xr_tl Normal_text\"><span class=\"Normal_text\">unverz\u00fcglich gel\u00f6scht.<\/span><\/span><\/span><\/p><p><span class=\"xr_tl Normal_text\" style=\"color: #363839;\"><span class=\"Normal_text\">3. Urheber- und Leistungsschutzrechte<\/span><\/span><\/p><p><span style=\"color: #363839;\"><span class=\"xr_tl Normal_text\">Die auf dieser Website ver\u00f6ffentlichten Inhalte unterliegen dem deutschen Urheber- und Leistungsschutzrecht. Jede vom deutschen Urheber- und <\/span><span class=\"xr_tl Normal_text\">Leistungsschutzrecht nicht zugelassene Verwertung bedarf der vorherigen schriftlichen Zustimmung des Anbieters oder jeweiligen Rechteinhabers. Dies gilt <\/span><span class=\"xr_tl Normal_text\">insbesondere f\u00fcr Vervielf\u00e4ltigung, Bearbeitung, \u00dcbersetzung, Einspeicherung, Verarbeitung bzw. Wiedergabe von Inhalten in Datenbanken oder anderen <\/span><span class=\"xr_tl Normal_text\">elektronischen Medien und Systemen. Inhalte und Rechte Dritter sind dabei als solche gekennzeichnet. Die unerlaubte Vervielf\u00e4ltigung oder Weitergabe einzelner <\/span><span class=\"xr_tl Normal_text\">Inhalte oder kompletter Seiten ist nicht gestattet und strafbar. Lediglich die Herstellung von Kopien und Downloads f\u00fcr den pers\u00f6nlichen, privaten und nicht <\/span><\/span><span class=\"xr_tl Normal_text\"><span class=\"Normal_text\"><span style=\"color: #363839;\">kommerziellen Gebrauch ist erlaubt.<\/span> <\/span><\/span><span class=\"xr_tl Normal_text\" style=\"color: #363839;\"><span class=\"Normal_text\">Die Darstellung dieser Website in fremden Frames ist nur mit schriftlicher Erlaubnis zul\u00e4ssig.<\/span><\/span><\/p><p><span style=\"color: #363839;\">Quelle: www.juraforum.de<\/span><\/p>\t\t\t\t\t\t\t\t<\/div>\n\t\t\t\t<\/div>\n\t\t\t\t\t<\/div>\n\t\t<\/div>\n\t\t\t\t\t<\/div>\n\t\t<\/section>\n\t\t\t\t<\/div>\n\t\t","protected":false},"excerpt":{"rendered":"<p>Urheber der Seite und verantwortlich f\u00fcr\u00a0Inhalt, Design und Programmierung: \u00a9Daniela Hem (Physiotherapeutin, Heilpraktikerin) Bergstra\u00dfe 3 66907 Glan-M\u00fcnchweiler Tel: 0160 &#8211; 2586056 Gesetzliche Berufsbezeichnung: Heilpraktiker (verliehen in der Bundesrepublik Deutschland) Tag der amts\u00e4rztlichen \u00dcberpr\u00fcfung: 06.04.2016 durch das Gesundheitsamt Mainz Beh\u00f6rdliche Erlaubnis durch das Gesundheitsamt in Kusel Zust\u00e4ndige Aufsichtsbeh\u00f6rde: Gesundheitsamt Kusel Mitglied im\u00a0Bund Deutscher Heilpraktiker (BDH) e.V.: [&hellip;]<\/p>\n","protected":false},"author":1,"featured_media":0,"parent":0,"menu_order":0,"comment_status":"closed","ping_status":"closed","template":"","meta":{"ocean_post_layout":"","ocean_both_sidebars_style":"","ocean_both_sidebars_content_width":0,"ocean_both_sidebars_sidebars_width":0,"ocean_sidebar":"","ocean_second_sidebar":"","ocean_disable_margins":"enable","ocean_add_body_class":"","ocean_shortcode_before_top_bar":"","ocean_shortcode_after_top_bar":"","ocean_shortcode_before_header":"","ocean_shortcode_after_header":"","ocean_has_shortcode":"","ocean_shortcode_after_title":"","ocean_shortcode_before_footer_widgets":"","ocean_shortcode_after_footer_widgets":"","ocean_shortcode_before_footer_bottom":"","ocean_shortcode_after_footer_bottom":"","ocean_display_top_bar":"default","ocean_display_header":"default","ocean_header_style":"","ocean_center_header_left_menu":"","ocean_custom_header_template":"","ocean_custom_logo":0,"ocean_custom_retina_logo":0,"ocean_custom_logo_max_width":0,"ocean_custom_logo_tablet_max_width":0,"ocean_custom_logo_mobile_max_width":0,"ocean_custom_logo_max_height":0,"ocean_custom_logo_tablet_max_height":0,"ocean_custom_logo_mobile_max_height":0,"ocean_header_custom_menu":"","ocean_menu_typo_font_family":"","ocean_menu_typo_font_subset":"","ocean_menu_typo_font_size":0,"ocean_menu_typo_font_size_tablet":0,"ocean_menu_typo_font_size_mobile":0,"ocean_menu_typo_font_size_unit":"px","ocean_menu_typo_font_weight":"","ocean_menu_typo_font_weight_tablet":"","ocean_menu_typo_font_weight_mobile":"","ocean_menu_typo_transform":"","ocean_menu_typo_transform_tablet":"","ocean_menu_typo_transform_mobile":"","ocean_menu_typo_line_height":0,"ocean_menu_typo_line_height_tablet":0,"ocean_menu_typo_line_height_mobile":0,"ocean_menu_typo_line_height_unit":"","ocean_menu_typo_spacing":0,"ocean_menu_typo_spacing_tablet":0,"ocean_menu_typo_spacing_mobile":0,"ocean_menu_typo_spacing_unit":"","ocean_menu_link_color":"","ocean_menu_link_color_hover":"","ocean_menu_link_color_active":"","ocean_menu_link_background":"","ocean_menu_link_hover_background":"","ocean_menu_link_active_background":"","ocean_menu_social_links_bg":"","ocean_menu_social_hover_links_bg":"","ocean_menu_social_links_color":"","ocean_menu_social_hover_links_color":"","ocean_disable_title":"default","ocean_disable_heading":"default","ocean_post_title":"","ocean_post_subheading":"","ocean_post_title_style":"","ocean_post_title_background_color":"","ocean_post_title_background":0,"ocean_post_title_bg_image_position":"","ocean_post_title_bg_image_attachment":"","ocean_post_title_bg_image_repeat":"","ocean_post_title_bg_image_size":"","ocean_post_title_height":0,"ocean_post_title_bg_overlay":0.5,"ocean_post_title_bg_overlay_color":"","ocean_disable_breadcrumbs":"default","ocean_breadcrumbs_color":"","ocean_breadcrumbs_separator_color":"","ocean_breadcrumbs_links_color":"","ocean_breadcrumbs_links_hover_color":"","ocean_display_footer_widgets":"default","ocean_display_footer_bottom":"default","ocean_custom_footer_template":"","footnotes":""},"class_list":["post-296","page","type-page","status-publish","hentry","entry"],"yoast_head":"<!-- This site is optimized with the Yoast SEO plugin v27.4 - https:\/\/yoast.com\/product\/yoast-seo-wordpress\/ -->\n<title>Impressum\/Disclaimer - Naturheilpraxis Daniela Hem<\/title>\n<meta name=\"robots\" content=\"index, follow, max-snippet:-1, max-image-preview:large, max-video-preview:-1\" \/>\n<link rel=\"canonical\" href=\"https:\/\/yogamudra.de\/wordpress\/impressum\/\" \/>\n<meta property=\"og:locale\" content=\"de_DE\" \/>\n<meta property=\"og:type\" content=\"article\" \/>\n<meta property=\"og:title\" content=\"Impressum\/Disclaimer - Naturheilpraxis Daniela Hem\" \/>\n<meta property=\"og:description\" content=\"Urheber der Seite und verantwortlich f\u00fcr\u00a0Inhalt, Design und Programmierung: \u00a9Daniela Hem (Physiotherapeutin, Heilpraktikerin) Bergstra\u00dfe 3 66907 Glan-M\u00fcnchweiler Tel: 0160 &#8211; 2586056 Gesetzliche Berufsbezeichnung: Heilpraktiker (verliehen in der Bundesrepublik Deutschland) Tag der amts\u00e4rztlichen \u00dcberpr\u00fcfung: 06.04.2016 durch das Gesundheitsamt Mainz Beh\u00f6rdliche Erlaubnis durch das Gesundheitsamt in Kusel Zust\u00e4ndige Aufsichtsbeh\u00f6rde: Gesundheitsamt Kusel Mitglied im\u00a0Bund Deutscher Heilpraktiker (BDH) e.V.: [&hellip;]\" \/>\n<meta property=\"og:url\" content=\"https:\/\/yogamudra.de\/wordpress\/impressum\/\" \/>\n<meta property=\"og:site_name\" content=\"Naturheilpraxis Daniela Hem\" \/>\n<meta property=\"article:publisher\" content=\"https:\/\/www.facebook.com\/NaturheilpraxisDanielaHem\" \/>\n<meta property=\"article:modified_time\" content=\"2025-07-13T14:26:01+00:00\" \/>\n<meta name=\"twitter:label1\" content=\"Gesch\u00e4tzte Lesezeit\" \/>\n\t<meta name=\"twitter:data1\" content=\"3\u00a0Minuten\" \/>\n<script type=\"application\/ld+json\" class=\"yoast-schema-graph\">{\"@context\":\"https:\\\/\\\/schema.org\",\"@graph\":[{\"@type\":\"WebPage\",\"@id\":\"https:\\\/\\\/yogamudra.de\\\/wordpress\\\/impressum\\\/\",\"url\":\"https:\\\/\\\/yogamudra.de\\\/wordpress\\\/impressum\\\/\",\"name\":\"Impressum\\\/Disclaimer - Naturheilpraxis Daniela Hem\",\"isPartOf\":{\"@id\":\"https:\\\/\\\/yogamudra.de\\\/wordpress\\\/#website\"},\"datePublished\":\"2015-04-04T20:37:16+00:00\",\"dateModified\":\"2025-07-13T14:26:01+00:00\",\"breadcrumb\":{\"@id\":\"https:\\\/\\\/yogamudra.de\\\/wordpress\\\/impressum\\\/#breadcrumb\"},\"inLanguage\":\"de\",\"potentialAction\":[{\"@type\":\"ReadAction\",\"target\":[\"https:\\\/\\\/yogamudra.de\\\/wordpress\\\/impressum\\\/\"]}]},{\"@type\":\"BreadcrumbList\",\"@id\":\"https:\\\/\\\/yogamudra.de\\\/wordpress\\\/impressum\\\/#breadcrumb\",\"itemListElement\":[{\"@type\":\"ListItem\",\"position\":1,\"name\":\"Start\",\"item\":\"https:\\\/\\\/yogamudra.de\\\/wordpress\\\/\"},{\"@type\":\"ListItem\",\"position\":2,\"name\":\"Impressum\\\/Disclaimer\"}]},{\"@type\":\"WebSite\",\"@id\":\"https:\\\/\\\/yogamudra.de\\\/wordpress\\\/#website\",\"url\":\"https:\\\/\\\/yogamudra.de\\\/wordpress\\\/\",\"name\":\"Naturheilpraxis Daniela Hem\",\"description\":\"Naturheilkunde &amp; Yoga\",\"potentialAction\":[{\"@type\":\"SearchAction\",\"target\":{\"@type\":\"EntryPoint\",\"urlTemplate\":\"https:\\\/\\\/yogamudra.de\\\/wordpress\\\/?s={search_term_string}\"},\"query-input\":{\"@type\":\"PropertyValueSpecification\",\"valueRequired\":true,\"valueName\":\"search_term_string\"}}],\"inLanguage\":\"de\"}]}<\/script>\n<!-- \/ Yoast SEO plugin. -->","yoast_head_json":{"title":"Impressum\/Disclaimer - Naturheilpraxis Daniela Hem","robots":{"index":"index","follow":"follow","max-snippet":"max-snippet:-1","max-image-preview":"max-image-preview:large","max-video-preview":"max-video-preview:-1"},"canonical":"https:\/\/yogamudra.de\/wordpress\/impressum\/","og_locale":"de_DE","og_type":"article","og_title":"Impressum\/Disclaimer - Naturheilpraxis Daniela Hem","og_description":"Urheber der Seite und verantwortlich f\u00fcr\u00a0Inhalt, Design und Programmierung: \u00a9Daniela Hem (Physiotherapeutin, Heilpraktikerin) Bergstra\u00dfe 3 66907 Glan-M\u00fcnchweiler Tel: 0160 &#8211; 2586056 Gesetzliche Berufsbezeichnung: Heilpraktiker (verliehen in der Bundesrepublik Deutschland) Tag der amts\u00e4rztlichen \u00dcberpr\u00fcfung: 06.04.2016 durch das Gesundheitsamt Mainz Beh\u00f6rdliche Erlaubnis durch das Gesundheitsamt in Kusel Zust\u00e4ndige Aufsichtsbeh\u00f6rde: Gesundheitsamt Kusel Mitglied im\u00a0Bund Deutscher Heilpraktiker (BDH) e.V.: [&hellip;]","og_url":"https:\/\/yogamudra.de\/wordpress\/impressum\/","og_site_name":"Naturheilpraxis Daniela Hem","article_publisher":"https:\/\/www.facebook.com\/NaturheilpraxisDanielaHem","article_modified_time":"2025-07-13T14:26:01+00:00","twitter_misc":{"Gesch\u00e4tzte Lesezeit":"3\u00a0Minuten"},"schema":{"@context":"https:\/\/schema.org","@graph":[{"@type":"WebPage","@id":"https:\/\/yogamudra.de\/wordpress\/impressum\/","url":"https:\/\/yogamudra.de\/wordpress\/impressum\/","name":"Impressum\/Disclaimer - Naturheilpraxis Daniela Hem","isPartOf":{"@id":"https:\/\/yogamudra.de\/wordpress\/#website"},"datePublished":"2015-04-04T20:37:16+00:00","dateModified":"2025-07-13T14:26:01+00:00","breadcrumb":{"@id":"https:\/\/yogamudra.de\/wordpress\/impressum\/#breadcrumb"},"inLanguage":"de","potentialAction":[{"@type":"ReadAction","target":["https:\/\/yogamudra.de\/wordpress\/impressum\/"]}]},{"@type":"BreadcrumbList","@id":"https:\/\/yogamudra.de\/wordpress\/impressum\/#breadcrumb","itemListElement":[{"@type":"ListItem","position":1,"name":"Start","item":"https:\/\/yogamudra.de\/wordpress\/"},{"@type":"ListItem","position":2,"name":"Impressum\/Disclaimer"}]},{"@type":"WebSite","@id":"https:\/\/yogamudra.de\/wordpress\/#website","url":"https:\/\/yogamudra.de\/wordpress\/","name":"Naturheilpraxis Daniela Hem","description":"Naturheilkunde &amp; Yoga","potentialAction":[{"@type":"SearchAction","target":{"@type":"EntryPoint","urlTemplate":"https:\/\/yogamudra.de\/wordpress\/?s={search_term_string}"},"query-input":{"@type":"PropertyValueSpecification","valueRequired":true,"valueName":"search_term_string"}}],"inLanguage":"de"}]}},"_links":{"self":[{"href":"https:\/\/yogamudra.de\/wordpress\/wp-json\/wp\/v2\/pages\/296","targetHints":{"allow":["GET"]}}],"collection":[{"href":"https:\/\/yogamudra.de\/wordpress\/wp-json\/wp\/v2\/pages"}],"about":[{"href":"https:\/\/yogamudra.de\/wordpress\/wp-json\/wp\/v2\/types\/page"}],"author":[{"embeddable":true,"href":"https:\/\/yogamudra.de\/wordpress\/wp-json\/wp\/v2\/users\/1"}],"replies":[{"embeddable":true,"href":"https:\/\/yogamudra.de\/wordpress\/wp-json\/wp\/v2\/comments?post=296"}],"version-history":[{"count":27,"href":"https:\/\/yogamudra.de\/wordpress\/wp-json\/wp\/v2\/pages\/296\/revisions"}],"predecessor-version":[{"id":2682,"href":"https:\/\/yogamudra.de\/wordpress\/wp-json\/wp\/v2\/pages\/296\/revisions\/2682"}],"wp:attachment":[{"href":"https:\/\/yogamudra.de\/wordpress\/wp-json\/wp\/v2\/media?parent=296"}],"curies":[{"name":"wp","href":"https:\/\/api.w.org\/{rel}","templated":true}]}}